{"id":2935,"date":"2025-07-21T15:08:48","date_gmt":"2025-07-21T15:08:48","guid":{"rendered":"https:\/\/www.muscle-madness.co.uk\/store\/?post_type=product&#038;p=2935"},"modified":"2025-07-21T15:17:25","modified_gmt":"2025-07-21T15:17:25","slug":"7nutrition-caffeine-speed-120-caps","status":"publish","type":"product","link":"https:\/\/www.muscle-madness.co.uk\/store\/product\/7nutrition-caffeine-speed-120-caps\/","title":{"rendered":"7NUTRITION Caffeine Speed 120 caps"},"content":{"rendered":"<h5>7NUTRITION Caffeine Speed 120 caps<\/h5>\n<p>Diet supplement.<\/p>\n<p><strong>RECOMMENDED USE:<\/strong>\u00a0Take 1 capsule once a day with plenty of water.<\/p>\n<p>Do not exceed the recommended daily intake.<\/p>\n<p>Do not use if you are allergic to any of the ingredients.<\/p>\n<p>The product cannot be used by children, pregnant and lactating women.<\/p>\n<p><strong>INGREDIENTS:<\/strong>\u00a0anhydrous caffeine,\u00a0inulin, cellulose capsules (HPMC).<\/p>\n<p><strong>STORAGE CONDITIONS:<\/strong>\u00a0Store in a dry and cool place out of the reach of small children. Protect against direct sunlight.<\/p>\n<p><strong>NOTES:<\/strong>\u00a0200mg of caffeine per capsule. The product contains caffeine. The dietary supplement cannot be used as a substitute (replacement) of a varied diet. Maintaining proper health requires a varied diet and a healthy lifestyle.<\/p>\n<p><strong>NET WEIGHT:<\/strong>\u00a031g<\/p>\n<p><strong>PACKAGE CONTENTS:<\/strong>\u00a0120 capsules.<\/p>\n<table class=\"tab-table\">\n<thead>\n<tr>\n<td width=\"214\"><strong>Active ingredients<\/strong><\/td>\n<td width=\"214\"><strong>1 capsule<\/strong><\/td>\n<\/tr>\n<\/thead>\n<tbody>\n<tr>\n<td width=\"214\">Anhydrous caffeine<\/td>\n<td width=\"214\">200 mg<\/td>\n<\/tr>\n<\/tbody>\n<\/table>\n<p class=\"tab-table\"><strong>PRODUCER:<\/strong><\/p>\n<p class=\"tab-table\">7FIT Sp\u00f3\u0142ka Akcyjna,<\/p>\n<p class=\"tab-table\">Stanowice 82a,<\/p>\n<p class=\"tab-table\">55-200 O\u0142awa<\/p>\n","protected":false},"excerpt":{"rendered":"<p>Diet supplement.<\/p>\n<p>It helps maintain the physical and mental vitality of the body, stimulates the nervous system, supports brain work, improves memory and concentration, reduces fatigue, adds vitality. It contributes to the metabolism of fats, and thus to weight control.<\/p>\n<p><strong>RECOMMENDED USE:<\/strong>\u00a0Take 1 capsule once a day with plenty of water.<\/p>\n<p>Do not exceed the recommended daily intake.<\/p>\n<p>Do not use if you are allergic to any of the ingredients.<\/p>\n<p>The product cannot be used by children, pregnant and lactating women.<\/p>\n<p><strong>INGREDIENTS:<\/strong>\u00a0anhydrous caffeine,\u00a0inulin, cellulose capsules (HPMC).<\/p>\n","protected":false},"featured_media":2936,"comment_status":"open","ping_status":"closed","template":"","meta":[],"product_brand":[],"product_cat":[155,154,85,87,86],"product_tag":[503,232,233,146],"class_list":{"0":"post-2935","1":"product","2":"type-product","3":"status-publish","4":"has-post-thumbnail","6":"product_cat-7nutrition","7":"product_cat-brands","8":"product_cat-mens-gear-packs","9":"product_cat-supplements","10":"product_cat-womans","11":"product_tag-caffeine","12":"product_tag-energy","13":"product_tag-health","14":"product_tag-supplement","16":"first","17":"instock","18":"shipping-taxable","19":"purchasable","20":"product-type-simple"},"yoast_head":"<!-- This site is optimized with the Yoast SEO plugin v27.2 - https:\/\/yoast.com\/product\/yoast-seo-wordpress\/ -->\n<title>7NUTRITION Caffeine Speed 120 caps - Muscle and Madness Supplement Store<\/title>\n<meta name=\"description\" content=\"7NUTRITION Caffeine Speed 120 caps Diet supplement. RECOMMENDED USE:\u00a0Take 1 capsule once a day with plenty of water. Do not exceed the recommended daily intake. Do not use if you are allergic to any of the ingredients. The product cannot be used by children, pregnant and lactating women. INGREDIENTS:\u00a0anhydrous caffeine,\u00a0inulin, cellulose capsules (HPMC). STORAGE CONDITIONS:\u00a0Store in a dry and cool place out of the reach of small children. Protect against direct sunlight. NOTES:\u00a0200mg of caffeine per capsule. The product contains caffeine. The dietary supplement cannot be used as a substitute (replacement) of a varied diet. Maintaining proper health requires a varied diet and a healthy lifestyle. NET WEIGHT:\u00a031g PACKAGE CONTENTS:\u00a0120 capsules. Active ingredients 1 capsule Anhydrous caffeine 200 mg PRODUCER: 7FIT Sp\u00f3\u0142ka Akcyjna, Stanowice 82a,55-200 O\u0142awa\" \/>\n<meta name=\"robots\" content=\"index, follow, max-snippet:-1, max-image-preview:large, max-video-preview:-1\" \/>\n<link rel=\"canonical\" href=\"https:\/\/www.muscle-madness.co.uk\/store\/product\/7nutrition-caffeine-speed-120-caps\/\" \/>\n<meta property=\"og:locale\" content=\"en_US\" \/>\n<meta property=\"og:type\" content=\"article\" \/>\n<meta property=\"og:title\" content=\"7NUTRITION Caffeine Speed 120 caps - Muscle and Madness Supplement Store\" \/>\n<meta property=\"og:description\" content=\"7NUTRITION Caffeine Speed 120 caps Diet supplement. RECOMMENDED USE:\u00a0Take 1 capsule once a day with plenty of water. Do not exceed the recommended daily intake. Do not use if you are allergic to any of the ingredients. The product cannot be used by children, pregnant and lactating women. INGREDIENTS:\u00a0anhydrous caffeine,\u00a0inulin, cellulose capsules (HPMC). STORAGE CONDITIONS:\u00a0Store in a dry and cool place out of the reach of small children. Protect against direct sunlight. NOTES:\u00a0200mg of caffeine per capsule. The product contains caffeine. The dietary supplement cannot be used as a substitute (replacement) of a varied diet. Maintaining proper health requires a varied diet and a healthy lifestyle. NET WEIGHT:\u00a031g PACKAGE CONTENTS:\u00a0120 capsules. Active ingredients 1 capsule Anhydrous caffeine 200 mg PRODUCER: 7FIT Sp\u00f3\u0142ka Akcyjna, Stanowice 82a,55-200 O\u0142awa\" \/>\n<meta property=\"og:url\" content=\"https:\/\/www.muscle-madness.co.uk\/store\/product\/7nutrition-caffeine-speed-120-caps\/\" \/>\n<meta property=\"og:site_name\" content=\"Muscle and Madness Supplement Store\" \/>\n<meta property=\"article:modified_time\" content=\"2025-07-21T15:17:25+00:00\" \/>\n<meta property=\"og:image\" content=\"https:\/\/www.muscle-madness.co.uk\/store\/wp-content\/uploads\/2025\/07\/7Nutrition-Caffeine-Speed-120-caps.png\" \/>\n\t<meta property=\"og:image:width\" content=\"1080\" \/>\n\t<meta property=\"og:image:height\" content=\"1080\" \/>\n\t<meta property=\"og:image:type\" content=\"image\/png\" \/>\n<meta name=\"twitter:card\" content=\"summary_large_image\" \/>\n<meta name=\"twitter:label1\" content=\"Est. reading time\" \/>\n\t<meta name=\"twitter:data1\" content=\"1 minute\" \/>\n<script type=\"application\/ld+json\" class=\"yoast-schema-graph\">{\"@context\":\"https:\/\/schema.org\",\"@graph\":[{\"@type\":\"WebPage\",\"@id\":\"https:\/\/www.muscle-madness.co.uk\/store\/product\/7nutrition-caffeine-speed-120-caps\/\",\"url\":\"https:\/\/www.muscle-madness.co.uk\/store\/product\/7nutrition-caffeine-speed-120-caps\/\",\"name\":\"7NUTRITION Caffeine Speed 120 caps - Muscle and Madness Supplement Store\",\"isPartOf\":{\"@id\":\"https:\/\/www.muscle-madness.co.uk\/store\/#website\"},\"primaryImageOfPage\":{\"@id\":\"https:\/\/www.muscle-madness.co.uk\/store\/product\/7nutrition-caffeine-speed-120-caps\/#primaryimage\"},\"image\":{\"@id\":\"https:\/\/www.muscle-madness.co.uk\/store\/product\/7nutrition-caffeine-speed-120-caps\/#primaryimage\"},\"thumbnailUrl\":\"https:\/\/www.muscle-madness.co.uk\/store\/wp-content\/uploads\/2025\/07\/7Nutrition-Caffeine-Speed-120-caps.png\",\"datePublished\":\"2025-07-21T15:08:48+00:00\",\"dateModified\":\"2025-07-21T15:17:25+00:00\",\"description\":\"7NUTRITION Caffeine Speed 120 caps Diet supplement. RECOMMENDED USE:\u00a0Take 1 capsule once a day with plenty of water. Do not exceed the recommended daily intake. Do not use if you are allergic to any of the ingredients. The product cannot be used by children, pregnant and lactating women. INGREDIENTS:\u00a0anhydrous caffeine,\u00a0inulin, cellulose capsules (HPMC). STORAGE CONDITIONS:\u00a0Store in a dry and cool place out of the reach of small children. Protect against direct sunlight. NOTES:\u00a0200mg of caffeine per capsule. The product contains caffeine. The dietary supplement cannot be used as a substitute (replacement) of a varied diet. Maintaining proper health requires a varied diet and a healthy lifestyle. NET WEIGHT:\u00a031g PACKAGE CONTENTS:\u00a0120 capsules. Active ingredients 1 capsule Anhydrous caffeine 200 mg PRODUCER: 7FIT Sp\u00f3\u0142ka Akcyjna, Stanowice 82a,55-200 O\u0142awa\",\"breadcrumb\":{\"@id\":\"https:\/\/www.muscle-madness.co.uk\/store\/product\/7nutrition-caffeine-speed-120-caps\/#breadcrumb\"},\"inLanguage\":\"en-US\",\"potentialAction\":[{\"@type\":\"ReadAction\",\"target\":[\"https:\/\/www.muscle-madness.co.uk\/store\/product\/7nutrition-caffeine-speed-120-caps\/\"]}]},{\"@type\":\"ImageObject\",\"inLanguage\":\"en-US\",\"@id\":\"https:\/\/www.muscle-madness.co.uk\/store\/product\/7nutrition-caffeine-speed-120-caps\/#primaryimage\",\"url\":\"https:\/\/www.muscle-madness.co.uk\/store\/wp-content\/uploads\/2025\/07\/7Nutrition-Caffeine-Speed-120-caps.png\",\"contentUrl\":\"https:\/\/www.muscle-madness.co.uk\/store\/wp-content\/uploads\/2025\/07\/7Nutrition-Caffeine-Speed-120-caps.png\",\"width\":1080,\"height\":1080,\"caption\":\"7Nutrition Caffeine Speed 120 caps\"},{\"@type\":\"BreadcrumbList\",\"@id\":\"https:\/\/www.muscle-madness.co.uk\/store\/product\/7nutrition-caffeine-speed-120-caps\/#breadcrumb\",\"itemListElement\":[{\"@type\":\"ListItem\",\"position\":1,\"name\":\"Home\",\"item\":\"https:\/\/www.muscle-madness.co.uk\/store\/\"},{\"@type\":\"ListItem\",\"position\":2,\"name\":\"Shop\",\"item\":\"https:\/\/www.muscle-madness.co.uk\/store\/shop-2\/\"},{\"@type\":\"ListItem\",\"position\":3,\"name\":\"7NUTRITION Caffeine Speed 120 caps\"}]},{\"@type\":\"WebSite\",\"@id\":\"https:\/\/www.muscle-madness.co.uk\/store\/#website\",\"url\":\"https:\/\/www.muscle-madness.co.uk\/store\/\",\"name\":\"Muscle and Madness Supplement Store\",\"description\":\"Suplement Store\",\"potentialAction\":[{\"@type\":\"SearchAction\",\"target\":{\"@type\":\"EntryPoint\",\"urlTemplate\":\"https:\/\/www.muscle-madness.co.uk\/store\/?s={search_term_string}\"},\"query-input\":{\"@type\":\"PropertyValueSpecification\",\"valueRequired\":true,\"valueName\":\"search_term_string\"}}],\"inLanguage\":\"en-US\"}]}<\/script>\n<!-- \/ Yoast SEO plugin. -->","yoast_head_json":{"title":"7NUTRITION Caffeine Speed 120 caps - Muscle and Madness Supplement Store","description":"7NUTRITION Caffeine Speed 120 caps Diet supplement. RECOMMENDED USE:\u00a0Take 1 capsule once a day with plenty of water. Do not exceed the recommended daily intake. Do not use if you are allergic to any of the ingredients. The product cannot be used by children, pregnant and lactating women. INGREDIENTS:\u00a0anhydrous caffeine,\u00a0inulin, cellulose capsules (HPMC). STORAGE CONDITIONS:\u00a0Store in a dry and cool place out of the reach of small children. Protect against direct sunlight. NOTES:\u00a0200mg of caffeine per capsule. The product contains caffeine. The dietary supplement cannot be used as a substitute (replacement) of a varied diet. Maintaining proper health requires a varied diet and a healthy lifestyle. NET WEIGHT:\u00a031g PACKAGE CONTENTS:\u00a0120 capsules. Active ingredients 1 capsule Anhydrous caffeine 200 mg PRODUCER: 7FIT Sp\u00f3\u0142ka Akcyjna, Stanowice 82a,55-200 O\u0142awa","robots":{"index":"index","follow":"follow","max-snippet":"max-snippet:-1","max-image-preview":"max-image-preview:large","max-video-preview":"max-video-preview:-1"},"canonical":"https:\/\/www.muscle-madness.co.uk\/store\/product\/7nutrition-caffeine-speed-120-caps\/","og_locale":"en_US","og_type":"article","og_title":"7NUTRITION Caffeine Speed 120 caps - Muscle and Madness Supplement Store","og_description":"7NUTRITION Caffeine Speed 120 caps Diet supplement. RECOMMENDED USE:\u00a0Take 1 capsule once a day with plenty of water. Do not exceed the recommended daily intake. Do not use if you are allergic to any of the ingredients. The product cannot be used by children, pregnant and lactating women. INGREDIENTS:\u00a0anhydrous caffeine,\u00a0inulin, cellulose capsules (HPMC). STORAGE CONDITIONS:\u00a0Store in a dry and cool place out of the reach of small children. Protect against direct sunlight. NOTES:\u00a0200mg of caffeine per capsule. The product contains caffeine. The dietary supplement cannot be used as a substitute (replacement) of a varied diet. Maintaining proper health requires a varied diet and a healthy lifestyle. NET WEIGHT:\u00a031g PACKAGE CONTENTS:\u00a0120 capsules. Active ingredients 1 capsule Anhydrous caffeine 200 mg PRODUCER: 7FIT Sp\u00f3\u0142ka Akcyjna, Stanowice 82a,55-200 O\u0142awa","og_url":"https:\/\/www.muscle-madness.co.uk\/store\/product\/7nutrition-caffeine-speed-120-caps\/","og_site_name":"Muscle and Madness Supplement Store","article_modified_time":"2025-07-21T15:17:25+00:00","og_image":[{"width":1080,"height":1080,"url":"https:\/\/www.muscle-madness.co.uk\/store\/wp-content\/uploads\/2025\/07\/7Nutrition-Caffeine-Speed-120-caps.png","type":"image\/png"}],"twitter_card":"summary_large_image","twitter_misc":{"Est. reading time":"1 minute"},"schema":{"@context":"https:\/\/schema.org","@graph":[{"@type":"WebPage","@id":"https:\/\/www.muscle-madness.co.uk\/store\/product\/7nutrition-caffeine-speed-120-caps\/","url":"https:\/\/www.muscle-madness.co.uk\/store\/product\/7nutrition-caffeine-speed-120-caps\/","name":"7NUTRITION Caffeine Speed 120 caps - Muscle and Madness Supplement Store","isPartOf":{"@id":"https:\/\/www.muscle-madness.co.uk\/store\/#website"},"primaryImageOfPage":{"@id":"https:\/\/www.muscle-madness.co.uk\/store\/product\/7nutrition-caffeine-speed-120-caps\/#primaryimage"},"image":{"@id":"https:\/\/www.muscle-madness.co.uk\/store\/product\/7nutrition-caffeine-speed-120-caps\/#primaryimage"},"thumbnailUrl":"https:\/\/www.muscle-madness.co.uk\/store\/wp-content\/uploads\/2025\/07\/7Nutrition-Caffeine-Speed-120-caps.png","datePublished":"2025-07-21T15:08:48+00:00","dateModified":"2025-07-21T15:17:25+00:00","description":"7NUTRITION Caffeine Speed 120 caps Diet supplement. RECOMMENDED USE:\u00a0Take 1 capsule once a day with plenty of water. Do not exceed the recommended daily intake. Do not use if you are allergic to any of the ingredients. The product cannot be used by children, pregnant and lactating women. INGREDIENTS:\u00a0anhydrous caffeine,\u00a0inulin, cellulose capsules (HPMC). STORAGE CONDITIONS:\u00a0Store in a dry and cool place out of the reach of small children. Protect against direct sunlight. NOTES:\u00a0200mg of caffeine per capsule. The product contains caffeine. The dietary supplement cannot be used as a substitute (replacement) of a varied diet. Maintaining proper health requires a varied diet and a healthy lifestyle. NET WEIGHT:\u00a031g PACKAGE CONTENTS:\u00a0120 capsules. Active ingredients 1 capsule Anhydrous caffeine 200 mg PRODUCER: 7FIT Sp\u00f3\u0142ka Akcyjna, Stanowice 82a,55-200 O\u0142awa","breadcrumb":{"@id":"https:\/\/www.muscle-madness.co.uk\/store\/product\/7nutrition-caffeine-speed-120-caps\/#breadcrumb"},"inLanguage":"en-US","potentialAction":[{"@type":"ReadAction","target":["https:\/\/www.muscle-madness.co.uk\/store\/product\/7nutrition-caffeine-speed-120-caps\/"]}]},{"@type":"ImageObject","inLanguage":"en-US","@id":"https:\/\/www.muscle-madness.co.uk\/store\/product\/7nutrition-caffeine-speed-120-caps\/#primaryimage","url":"https:\/\/www.muscle-madness.co.uk\/store\/wp-content\/uploads\/2025\/07\/7Nutrition-Caffeine-Speed-120-caps.png","contentUrl":"https:\/\/www.muscle-madness.co.uk\/store\/wp-content\/uploads\/2025\/07\/7Nutrition-Caffeine-Speed-120-caps.png","width":1080,"height":1080,"caption":"7Nutrition Caffeine Speed 120 caps"},{"@type":"BreadcrumbList","@id":"https:\/\/www.muscle-madness.co.uk\/store\/product\/7nutrition-caffeine-speed-120-caps\/#breadcrumb","itemListElement":[{"@type":"ListItem","position":1,"name":"Home","item":"https:\/\/www.muscle-madness.co.uk\/store\/"},{"@type":"ListItem","position":2,"name":"Shop","item":"https:\/\/www.muscle-madness.co.uk\/store\/shop-2\/"},{"@type":"ListItem","position":3,"name":"7NUTRITION Caffeine Speed 120 caps"}]},{"@type":"WebSite","@id":"https:\/\/www.muscle-madness.co.uk\/store\/#website","url":"https:\/\/www.muscle-madness.co.uk\/store\/","name":"Muscle and Madness Supplement Store","description":"Suplement Store","potentialAction":[{"@type":"SearchAction","target":{"@type":"EntryPoint","urlTemplate":"https:\/\/www.muscle-madness.co.uk\/store\/?s={search_term_string}"},"query-input":{"@type":"PropertyValueSpecification","valueRequired":true,"valueName":"search_term_string"}}],"inLanguage":"en-US"}]}},"jetpack_sharing_enabled":true,"_links":{"self":[{"href":"https:\/\/www.muscle-madness.co.uk\/store\/wp-json\/wp\/v2\/product\/2935","targetHints":{"allow":["GET"]}}],"collection":[{"href":"https:\/\/www.muscle-madness.co.uk\/store\/wp-json\/wp\/v2\/product"}],"about":[{"href":"https:\/\/www.muscle-madness.co.uk\/store\/wp-json\/wp\/v2\/types\/product"}],"replies":[{"embeddable":true,"href":"https:\/\/www.muscle-madness.co.uk\/store\/wp-json\/wp\/v2\/comments?post=2935"}],"wp:featuredmedia":[{"embeddable":true,"href":"https:\/\/www.muscle-madness.co.uk\/store\/wp-json\/wp\/v2\/media\/2936"}],"wp:attachment":[{"href":"https:\/\/www.muscle-madness.co.uk\/store\/wp-json\/wp\/v2\/media?parent=2935"}],"wp:term":[{"taxonomy":"product_brand","embeddable":true,"href":"https:\/\/www.muscle-madness.co.uk\/store\/wp-json\/wp\/v2\/product_brand?post=2935"},{"taxonomy":"product_cat","embeddable":true,"href":"https:\/\/www.muscle-madness.co.uk\/store\/wp-json\/wp\/v2\/product_cat?post=2935"},{"taxonomy":"product_tag","embeddable":true,"href":"https:\/\/www.muscle-madness.co.uk\/store\/wp-json\/wp\/v2\/product_tag?post=2935"}],"curies":[{"name":"wp","href":"https:\/\/api.w.org\/{rel}","templated":true}]}}