{"id":1924,"date":"2025-02-18T13:11:27","date_gmt":"2025-02-18T13:11:27","guid":{"rendered":"https:\/\/www.muscle-madness.co.uk\/store\/?post_type=product&#038;p=1924"},"modified":"2025-02-18T13:23:15","modified_gmt":"2025-02-18T13:23:15","slug":"7nutrition-quercetin-90-caps","status":"publish","type":"product","link":"https:\/\/www.muscle-madness.co.uk\/store\/product\/7nutrition-quercetin-90-caps\/","title":{"rendered":"7Nutrition QUERCETIN 90 caps"},"content":{"rendered":"<p><strong>7Nutrition QUERCETIN 90 vege caps. Food supplement.<\/strong><\/p>\n<p>Immune system support. Antioxidant effect. Support in fighting allergies.<\/p>\n<p>INGREDIENTS: Sophora Japonica (Japanese pearl bark), acerola fruit extract (25% vitamin C content), rosehip extract (70% vitamin C content), cellulose capsule (HPMC).<\/p>\n<p><strong>RECOMMENDED USE:<\/strong>\u00a0Take 1 capsule a day with plenty of water. Do not exceed the recommended daily intake.<\/p>\n<p><strong>NOTES:<\/strong>\u00a0The product cannot be used by children, pregnant and lactating women. Do not use if you are allergic to any of the ingredients. The dietary supplement cannot be used as a substitute (replacement) of a varied diet. Maintaining proper health requires a varied diet and a healthy lifestyle.<\/p>\n<p><strong>STORAGE CONDITIONS:<\/strong>\u00a0Store in a dry place out of the reach of small children. Protect against direct sunlight.<\/p>\n<p><strong>DAILY PORTION:<\/strong>\u00a01 capsule<\/p>\n<p><strong>NET WEIGHT:<\/strong>\u00a040g<\/p>\n<p><strong>COMPOSITION TABLE:<\/strong><\/p>\n<table class=\"tab-table\">\n<tbody>\n<tr>\n<td width=\"350\"><strong>ACTIVE INGREDIENTS<\/strong><\/td>\n<td><strong>1 capsule<\/strong><\/td>\n<\/tr>\n<tr>\n<td><strong>Sophora Japonica<\/strong><\/td>\n<td>250 mg<\/td>\n<\/tr>\n<tr>\n<td><strong>Acerola Fruit Extract<\/strong><\/td>\n<td>50 mg<\/td>\n<\/tr>\n<tr>\n<td><strong>\u00a0 of which Vitamin C<\/strong><\/td>\n<td>12,5 mg<\/td>\n<\/tr>\n<tr>\n<td><strong>Rose Hip Extract<\/strong><\/td>\n<td>30 mg<\/td>\n<\/tr>\n<tr>\n<td><strong>\u00a0 of which Vitamin C<\/strong><\/td>\n<td>21 mg<\/td>\n<\/tr>\n<\/tbody>\n<\/table>\n<p class=\"tab-table\"><strong>PRODUCER:<\/strong><\/p>\n<p class=\"tab-table\">7FIT Sp\u00f3\u0142ka Akcyjna,<\/p>\n<p class=\"tab-table\">Stanowice 82a,<\/p>\n<p class=\"tab-table\">55-200 O\u0142awa<\/p>\n","protected":false},"excerpt":{"rendered":"<p><strong>7Nutrition QUERCETIN 90 vege caps. Food supplement.<\/strong><\/p>\n<p>Immune system support. Antioxidant effect. Support in fighting allergies.<\/p>\n<p>INGREDIENTS: Sophora Japonica (Japanese pearl bark), acerola fruit extract (25% vitamin C content), rosehip extract (70% vitamin C content), cellulose capsule (HPMC)<\/p>\n","protected":false},"featured_media":1926,"comment_status":"open","ping_status":"closed","template":"","meta":[],"product_brand":[],"product_cat":[155,143,87],"product_tag":[290,233,263,146,315],"class_list":{"0":"post-1924","1":"product","2":"type-product","3":"status-publish","4":"has-post-thumbnail","6":"product_cat-7nutrition","7":"product_cat-new-arrivals","8":"product_cat-supplements","9":"product_tag-antioxidant","10":"product_tag-health","11":"product_tag-immune-system","12":"product_tag-supplement","13":"product_tag-vitamin-c","15":"first","16":"instock","17":"shipping-taxable","18":"purchasable","19":"product-type-simple"},"yoast_head":"<!-- This site is optimized with the Yoast SEO plugin v27.2 - https:\/\/yoast.com\/product\/yoast-seo-wordpress\/ -->\n<title>7Nutrition QUERCETIN 90 caps - Muscle and Madness Supplement Store<\/title>\n<meta name=\"description\" content=\"7Nutrition QUERCETIN 90 vege caps. Food supplement. Immune system support. Antioxidant effect. Support in fighting allergies. INGREDIENTS: Sophora Japonica (Japanese pearl bark), acerola fruit extract (25% vitamin C content), rosehip extract (70% vitamin C content), cellulose capsule (HPMC).RECOMMENDED USE: Take 1 capsule a day with plenty of water. Do not exceed the recommended daily intake. NOTES: The product cannot be used by children, pregnant and lactating women. Do not use if you are allergic to any of the ingredients. The dietary supplement cannot be used as a substitute (replacement) of a varied diet. Maintaining proper health requires a varied diet and a healthy lifestyle. STORAGE CONDITIONS: Store in a dry place out of the reach of small children. Protect against direct sunlight. DAILY PORTION: 1 capsule NET WEIGHT: 40gCOMPOSITION TABLE:ACTIVE INGREDIENTS 1 capsule Sophora Japonica 250 mg Acerola Fruit Extract 50 mg of which Vitamin C 12,5 mg Rose Hip Extract 30 mg of which Vitamin C 21 mgPRODUCER:7FIT Sp\u00f3\u0142ka Akcyjna, Stanowice 82a, 55-200 O\u0142awa\" \/>\n<meta name=\"robots\" content=\"index, follow, max-snippet:-1, max-image-preview:large, max-video-preview:-1\" \/>\n<link rel=\"canonical\" href=\"https:\/\/www.muscle-madness.co.uk\/store\/product\/7nutrition-quercetin-90-caps\/\" \/>\n<meta property=\"og:locale\" content=\"en_US\" \/>\n<meta property=\"og:type\" content=\"article\" \/>\n<meta property=\"og:title\" content=\"7Nutrition QUERCETIN 90 caps - Muscle and Madness Supplement Store\" \/>\n<meta property=\"og:description\" content=\"7Nutrition QUERCETIN 90 vege caps. Food supplement. Immune system support. Antioxidant effect. Support in fighting allergies. INGREDIENTS: Sophora Japonica (Japanese pearl bark), acerola fruit extract (25% vitamin C content), rosehip extract (70% vitamin C content), cellulose capsule (HPMC).RECOMMENDED USE: Take 1 capsule a day with plenty of water. Do not exceed the recommended daily intake. NOTES: The product cannot be used by children, pregnant and lactating women. Do not use if you are allergic to any of the ingredients. The dietary supplement cannot be used as a substitute (replacement) of a varied diet. Maintaining proper health requires a varied diet and a healthy lifestyle. STORAGE CONDITIONS: Store in a dry place out of the reach of small children. Protect against direct sunlight. DAILY PORTION: 1 capsule NET WEIGHT: 40gCOMPOSITION TABLE:ACTIVE INGREDIENTS 1 capsule Sophora Japonica 250 mg Acerola Fruit Extract 50 mg of which Vitamin C 12,5 mg Rose Hip Extract 30 mg of which Vitamin C 21 mgPRODUCER:7FIT Sp\u00f3\u0142ka Akcyjna, Stanowice 82a, 55-200 O\u0142awa\" \/>\n<meta property=\"og:url\" content=\"https:\/\/www.muscle-madness.co.uk\/store\/product\/7nutrition-quercetin-90-caps\/\" \/>\n<meta property=\"og:site_name\" content=\"Muscle and Madness Supplement Store\" \/>\n<meta property=\"article:modified_time\" content=\"2025-02-18T13:23:15+00:00\" \/>\n<meta property=\"og:image\" content=\"https:\/\/www.muscle-madness.co.uk\/store\/wp-content\/uploads\/2025\/02\/7Nutrition-Quercetin-90-caps.png\" \/>\n\t<meta property=\"og:image:width\" content=\"1080\" \/>\n\t<meta property=\"og:image:height\" content=\"1080\" \/>\n\t<meta property=\"og:image:type\" content=\"image\/png\" \/>\n<meta name=\"twitter:card\" content=\"summary_large_image\" \/>\n<meta name=\"twitter:label1\" content=\"Est. reading time\" \/>\n\t<meta name=\"twitter:data1\" content=\"1 minute\" \/>\n<script type=\"application\/ld+json\" class=\"yoast-schema-graph\">{\"@context\":\"https:\/\/schema.org\",\"@graph\":[{\"@type\":\"WebPage\",\"@id\":\"https:\/\/www.muscle-madness.co.uk\/store\/product\/7nutrition-quercetin-90-caps\/\",\"url\":\"https:\/\/www.muscle-madness.co.uk\/store\/product\/7nutrition-quercetin-90-caps\/\",\"name\":\"7Nutrition QUERCETIN 90 caps - Muscle and Madness Supplement Store\",\"isPartOf\":{\"@id\":\"https:\/\/www.muscle-madness.co.uk\/store\/#website\"},\"primaryImageOfPage\":{\"@id\":\"https:\/\/www.muscle-madness.co.uk\/store\/product\/7nutrition-quercetin-90-caps\/#primaryimage\"},\"image\":{\"@id\":\"https:\/\/www.muscle-madness.co.uk\/store\/product\/7nutrition-quercetin-90-caps\/#primaryimage\"},\"thumbnailUrl\":\"https:\/\/www.muscle-madness.co.uk\/store\/wp-content\/uploads\/2025\/02\/7Nutrition-Quercetin-90-caps.png\",\"datePublished\":\"2025-02-18T13:11:27+00:00\",\"dateModified\":\"2025-02-18T13:23:15+00:00\",\"description\":\"7Nutrition QUERCETIN 90 vege caps. Food supplement. Immune system support. Antioxidant effect. Support in fighting allergies. INGREDIENTS: Sophora Japonica (Japanese pearl bark), acerola fruit extract (25% vitamin C content), rosehip extract (70% vitamin C content), cellulose capsule (HPMC).RECOMMENDED USE: Take 1 capsule a day with plenty of water. Do not exceed the recommended daily intake. NOTES: The product cannot be used by children, pregnant and lactating women. Do not use if you are allergic to any of the ingredients. The dietary supplement cannot be used as a substitute (replacement) of a varied diet. Maintaining proper health requires a varied diet and a healthy lifestyle. STORAGE CONDITIONS: Store in a dry place out of the reach of small children. Protect against direct sunlight. DAILY PORTION: 1 capsule NET WEIGHT: 40gCOMPOSITION TABLE:ACTIVE INGREDIENTS 1 capsule Sophora Japonica 250 mg Acerola Fruit Extract 50 mg of which Vitamin C 12,5 mg Rose Hip Extract 30 mg of which Vitamin C 21 mgPRODUCER:7FIT Sp\u00f3\u0142ka Akcyjna, Stanowice 82a, 55-200 O\u0142awa\",\"breadcrumb\":{\"@id\":\"https:\/\/www.muscle-madness.co.uk\/store\/product\/7nutrition-quercetin-90-caps\/#breadcrumb\"},\"inLanguage\":\"en-US\",\"potentialAction\":[{\"@type\":\"ReadAction\",\"target\":[\"https:\/\/www.muscle-madness.co.uk\/store\/product\/7nutrition-quercetin-90-caps\/\"]}]},{\"@type\":\"ImageObject\",\"inLanguage\":\"en-US\",\"@id\":\"https:\/\/www.muscle-madness.co.uk\/store\/product\/7nutrition-quercetin-90-caps\/#primaryimage\",\"url\":\"https:\/\/www.muscle-madness.co.uk\/store\/wp-content\/uploads\/2025\/02\/7Nutrition-Quercetin-90-caps.png\",\"contentUrl\":\"https:\/\/www.muscle-madness.co.uk\/store\/wp-content\/uploads\/2025\/02\/7Nutrition-Quercetin-90-caps.png\",\"width\":1080,\"height\":1080,\"caption\":\"7Nutrition Quercetin 90 caps\"},{\"@type\":\"BreadcrumbList\",\"@id\":\"https:\/\/www.muscle-madness.co.uk\/store\/product\/7nutrition-quercetin-90-caps\/#breadcrumb\",\"itemListElement\":[{\"@type\":\"ListItem\",\"position\":1,\"name\":\"Home\",\"item\":\"https:\/\/www.muscle-madness.co.uk\/store\/\"},{\"@type\":\"ListItem\",\"position\":2,\"name\":\"Shop\",\"item\":\"https:\/\/www.muscle-madness.co.uk\/store\/shop-2\/\"},{\"@type\":\"ListItem\",\"position\":3,\"name\":\"7Nutrition QUERCETIN 90 caps\"}]},{\"@type\":\"WebSite\",\"@id\":\"https:\/\/www.muscle-madness.co.uk\/store\/#website\",\"url\":\"https:\/\/www.muscle-madness.co.uk\/store\/\",\"name\":\"Muscle and Madness Supplement Store\",\"description\":\"Suplement Store\",\"potentialAction\":[{\"@type\":\"SearchAction\",\"target\":{\"@type\":\"EntryPoint\",\"urlTemplate\":\"https:\/\/www.muscle-madness.co.uk\/store\/?s={search_term_string}\"},\"query-input\":{\"@type\":\"PropertyValueSpecification\",\"valueRequired\":true,\"valueName\":\"search_term_string\"}}],\"inLanguage\":\"en-US\"}]}<\/script>\n<!-- \/ Yoast SEO plugin. -->","yoast_head_json":{"title":"7Nutrition QUERCETIN 90 caps - Muscle and Madness Supplement Store","description":"7Nutrition QUERCETIN 90 vege caps. Food supplement. Immune system support. Antioxidant effect. Support in fighting allergies. INGREDIENTS: Sophora Japonica (Japanese pearl bark), acerola fruit extract (25% vitamin C content), rosehip extract (70% vitamin C content), cellulose capsule (HPMC).RECOMMENDED USE: Take 1 capsule a day with plenty of water. Do not exceed the recommended daily intake. NOTES: The product cannot be used by children, pregnant and lactating women. Do not use if you are allergic to any of the ingredients. The dietary supplement cannot be used as a substitute (replacement) of a varied diet. Maintaining proper health requires a varied diet and a healthy lifestyle. STORAGE CONDITIONS: Store in a dry place out of the reach of small children. Protect against direct sunlight. DAILY PORTION: 1 capsule NET WEIGHT: 40gCOMPOSITION TABLE:ACTIVE INGREDIENTS 1 capsule Sophora Japonica 250 mg Acerola Fruit Extract 50 mg of which Vitamin C 12,5 mg Rose Hip Extract 30 mg of which Vitamin C 21 mgPRODUCER:7FIT Sp\u00f3\u0142ka Akcyjna, Stanowice 82a, 55-200 O\u0142awa","robots":{"index":"index","follow":"follow","max-snippet":"max-snippet:-1","max-image-preview":"max-image-preview:large","max-video-preview":"max-video-preview:-1"},"canonical":"https:\/\/www.muscle-madness.co.uk\/store\/product\/7nutrition-quercetin-90-caps\/","og_locale":"en_US","og_type":"article","og_title":"7Nutrition QUERCETIN 90 caps - Muscle and Madness Supplement Store","og_description":"7Nutrition QUERCETIN 90 vege caps. Food supplement. Immune system support. Antioxidant effect. Support in fighting allergies. INGREDIENTS: Sophora Japonica (Japanese pearl bark), acerola fruit extract (25% vitamin C content), rosehip extract (70% vitamin C content), cellulose capsule (HPMC).RECOMMENDED USE: Take 1 capsule a day with plenty of water. Do not exceed the recommended daily intake. NOTES: The product cannot be used by children, pregnant and lactating women. Do not use if you are allergic to any of the ingredients. The dietary supplement cannot be used as a substitute (replacement) of a varied diet. Maintaining proper health requires a varied diet and a healthy lifestyle. STORAGE CONDITIONS: Store in a dry place out of the reach of small children. Protect against direct sunlight. DAILY PORTION: 1 capsule NET WEIGHT: 40gCOMPOSITION TABLE:ACTIVE INGREDIENTS 1 capsule Sophora Japonica 250 mg Acerola Fruit Extract 50 mg of which Vitamin C 12,5 mg Rose Hip Extract 30 mg of which Vitamin C 21 mgPRODUCER:7FIT Sp\u00f3\u0142ka Akcyjna, Stanowice 82a, 55-200 O\u0142awa","og_url":"https:\/\/www.muscle-madness.co.uk\/store\/product\/7nutrition-quercetin-90-caps\/","og_site_name":"Muscle and Madness Supplement Store","article_modified_time":"2025-02-18T13:23:15+00:00","og_image":[{"width":1080,"height":1080,"url":"https:\/\/www.muscle-madness.co.uk\/store\/wp-content\/uploads\/2025\/02\/7Nutrition-Quercetin-90-caps.png","type":"image\/png"}],"twitter_card":"summary_large_image","twitter_misc":{"Est. reading time":"1 minute"},"schema":{"@context":"https:\/\/schema.org","@graph":[{"@type":"WebPage","@id":"https:\/\/www.muscle-madness.co.uk\/store\/product\/7nutrition-quercetin-90-caps\/","url":"https:\/\/www.muscle-madness.co.uk\/store\/product\/7nutrition-quercetin-90-caps\/","name":"7Nutrition QUERCETIN 90 caps - Muscle and Madness Supplement Store","isPartOf":{"@id":"https:\/\/www.muscle-madness.co.uk\/store\/#website"},"primaryImageOfPage":{"@id":"https:\/\/www.muscle-madness.co.uk\/store\/product\/7nutrition-quercetin-90-caps\/#primaryimage"},"image":{"@id":"https:\/\/www.muscle-madness.co.uk\/store\/product\/7nutrition-quercetin-90-caps\/#primaryimage"},"thumbnailUrl":"https:\/\/www.muscle-madness.co.uk\/store\/wp-content\/uploads\/2025\/02\/7Nutrition-Quercetin-90-caps.png","datePublished":"2025-02-18T13:11:27+00:00","dateModified":"2025-02-18T13:23:15+00:00","description":"7Nutrition QUERCETIN 90 vege caps. Food supplement. Immune system support. Antioxidant effect. Support in fighting allergies. INGREDIENTS: Sophora Japonica (Japanese pearl bark), acerola fruit extract (25% vitamin C content), rosehip extract (70% vitamin C content), cellulose capsule (HPMC).RECOMMENDED USE: Take 1 capsule a day with plenty of water. Do not exceed the recommended daily intake. NOTES: The product cannot be used by children, pregnant and lactating women. Do not use if you are allergic to any of the ingredients. The dietary supplement cannot be used as a substitute (replacement) of a varied diet. Maintaining proper health requires a varied diet and a healthy lifestyle. STORAGE CONDITIONS: Store in a dry place out of the reach of small children. Protect against direct sunlight. DAILY PORTION: 1 capsule NET WEIGHT: 40gCOMPOSITION TABLE:ACTIVE INGREDIENTS 1 capsule Sophora Japonica 250 mg Acerola Fruit Extract 50 mg of which Vitamin C 12,5 mg Rose Hip Extract 30 mg of which Vitamin C 21 mgPRODUCER:7FIT Sp\u00f3\u0142ka Akcyjna, Stanowice 82a, 55-200 O\u0142awa","breadcrumb":{"@id":"https:\/\/www.muscle-madness.co.uk\/store\/product\/7nutrition-quercetin-90-caps\/#breadcrumb"},"inLanguage":"en-US","potentialAction":[{"@type":"ReadAction","target":["https:\/\/www.muscle-madness.co.uk\/store\/product\/7nutrition-quercetin-90-caps\/"]}]},{"@type":"ImageObject","inLanguage":"en-US","@id":"https:\/\/www.muscle-madness.co.uk\/store\/product\/7nutrition-quercetin-90-caps\/#primaryimage","url":"https:\/\/www.muscle-madness.co.uk\/store\/wp-content\/uploads\/2025\/02\/7Nutrition-Quercetin-90-caps.png","contentUrl":"https:\/\/www.muscle-madness.co.uk\/store\/wp-content\/uploads\/2025\/02\/7Nutrition-Quercetin-90-caps.png","width":1080,"height":1080,"caption":"7Nutrition Quercetin 90 caps"},{"@type":"BreadcrumbList","@id":"https:\/\/www.muscle-madness.co.uk\/store\/product\/7nutrition-quercetin-90-caps\/#breadcrumb","itemListElement":[{"@type":"ListItem","position":1,"name":"Home","item":"https:\/\/www.muscle-madness.co.uk\/store\/"},{"@type":"ListItem","position":2,"name":"Shop","item":"https:\/\/www.muscle-madness.co.uk\/store\/shop-2\/"},{"@type":"ListItem","position":3,"name":"7Nutrition QUERCETIN 90 caps"}]},{"@type":"WebSite","@id":"https:\/\/www.muscle-madness.co.uk\/store\/#website","url":"https:\/\/www.muscle-madness.co.uk\/store\/","name":"Muscle and Madness Supplement Store","description":"Suplement Store","potentialAction":[{"@type":"SearchAction","target":{"@type":"EntryPoint","urlTemplate":"https:\/\/www.muscle-madness.co.uk\/store\/?s={search_term_string}"},"query-input":{"@type":"PropertyValueSpecification","valueRequired":true,"valueName":"search_term_string"}}],"inLanguage":"en-US"}]}},"jetpack_sharing_enabled":true,"_links":{"self":[{"href":"https:\/\/www.muscle-madness.co.uk\/store\/wp-json\/wp\/v2\/product\/1924","targetHints":{"allow":["GET"]}}],"collection":[{"href":"https:\/\/www.muscle-madness.co.uk\/store\/wp-json\/wp\/v2\/product"}],"about":[{"href":"https:\/\/www.muscle-madness.co.uk\/store\/wp-json\/wp\/v2\/types\/product"}],"replies":[{"embeddable":true,"href":"https:\/\/www.muscle-madness.co.uk\/store\/wp-json\/wp\/v2\/comments?post=1924"}],"wp:featuredmedia":[{"embeddable":true,"href":"https:\/\/www.muscle-madness.co.uk\/store\/wp-json\/wp\/v2\/media\/1926"}],"wp:attachment":[{"href":"https:\/\/www.muscle-madness.co.uk\/store\/wp-json\/wp\/v2\/media?parent=1924"}],"wp:term":[{"taxonomy":"product_brand","embeddable":true,"href":"https:\/\/www.muscle-madness.co.uk\/store\/wp-json\/wp\/v2\/product_brand?post=1924"},{"taxonomy":"product_cat","embeddable":true,"href":"https:\/\/www.muscle-madness.co.uk\/store\/wp-json\/wp\/v2\/product_cat?post=1924"},{"taxonomy":"product_tag","embeddable":true,"href":"https:\/\/www.muscle-madness.co.uk\/store\/wp-json\/wp\/v2\/product_tag?post=1924"}],"curies":[{"name":"wp","href":"https:\/\/api.w.org\/{rel}","templated":true}]}}